*c, -2*g - 2*g + 226 = -3*c. Let k = 416 - 147. Let a = k - 240. Calculate the remainder when g is divided by a.
26
Suppose 3*d = 57 + 18. Calculate the remainder when 119 + (8 + 165/(-20) - (-63)/12) is divided by d.
24
Suppose 0 = -48845*q + 48856*q - 3124. Calculate the remainder when 9369 is divided by q.
281
Suppose -4753 + 4658 = -5*j. What is the remainder when 146 is divided by j?
13
Let i(r) = -r**3 - 159*r**2 - 783*r + 10. Calculate the remainder when 745 is divided by i(-5).
70
Let y = 18031 - 16735. Calculate the remainder when y is divided by 124.
56
Suppose -264 = -3*v + 84. Let d = 73644 - 73584. What is the remainder when v is divided by d?
56
Let y(a) be the third derivative of 3*a**4/8 + 17*a**3/6 + 11*a**2. Let q be y(7). Suppose 0 = 9*x + 7*x - q. Calculate the remainder when 30 is divided by x.
0
Suppose 0 = 5*u - u - 252. Suppose 0 = 482*z - 479*z - 6, 747 = 3*x - 3*z. What is the remainder when x is divided by u?
62
Suppose -1431 = -5*u - z + 530, 2*u - 782 = -z. What is the remainder when u is divided by 191?
11
Suppose -6 = -27*r + 75. Suppose -r - 17 = 5*m, 4*p - m = 380. What is the remainder when p is divided by 48?
46
Let d(h) = -2*h**2 + 13*h + 1. Suppose -273*w + 260*w = -559. Calculate the remainder when w is divided by d(4).
1
Let v = -190 + 457. Let u = 346 - v. Calculate the remainder when u is divided by 23.
10
Let h = 332 - 300. Suppose 2*x - 5*y = 54, -3*x = 2*y - 49 - h. Calculate the remainder when 36 is divided by x.
9
Let v = -49 + 87. Let i = 2595 - 2490. Calculate the remainder when i is divided by v.
29
Suppose 18 = 2*c + 2*s - 6*s, 4*s = 4. Suppose -2*o - l - 3 = -16, -3*l - 5 = -5*o. Calculate the remainder when -4 + (-114)/(-6) + o is divided by c.
8
Let b(h) = -7*h + 4 - 14 + h + 4*h. Suppose 2*z = 8*p - 5*p - 41, 2*z = -8. Calculate the remainder when p is divided by b(-8).
5
Let p = -206 - -216. Calculate the remainder when (0 - (-12)/p)*3950/20 is divided by 12.
9
Suppose 125 = 5*n + 5*t, 0*t = 4*n + 2*t - 100. Suppose 2*o = -3*o. Suppose o*p - 3*p = -372. Calculate the remainder when p is divided by n.
24
Suppose -w - 362 = 4*x, -8*x = -12*x - 2*w - 360. Let b = 162 + x. Let h = -65 + b. Calculate the remainder when 21 is divided by h.
3
Suppose 32*v = 3*v + 7134. Suppose -v*n = -234*n - 312. What is the remainder when 125 is divided by n?
21
Let t(p) = -p + 111 - 5 - 19 - 4*p. Calculate the remainder when t(-10) is divided by 43.
8
Suppose -2*m + 84 = 3*z, 0 = -4*z - 31*m + 33*m + 112. Suppose z*o - 16*o = 336. What is the remainder when o is divided by 8?
4
Suppose -7*y = -4*y + 9*q - 387, 2*y + 4*q = 250. What is the remainder when y is divided by 79?
38
Suppose 0 = -8*j - 55*j + 66024. What is the remainder when j is divided by 17?
11
Let w = 7558 + -7368. What is the remainder when 378 is divided by w?
188
Let v = -94 - -99. What is the remainder when 49 is divided by 9 + v/(-20)*0?
4
Suppose 11188 = 4*o - l - 17310, -o = 2*l - 7138. Calculate the remainder when o is divided by 81.
79
What is the remainder when 208 is divided by (-1 + -2)/(23/(1840/(-30)))?
0
Let t(h) = 26*h - 415. Calculate the remainder when t(24) is divided by 18.
11
Let d be (169 - (-1 + 0))/2. Let x = 103 - d. Calculate the remainder when 83 is divided by x.
11
Suppose 7*b - 3*i = 5622 - 1748, -i - 1658 = -3*b. Calculate the remainder when b is divided by -2 - 25/(-1) - 0.
21
Let p be (-2)/(-7)*-1 - 2/(-7). Suppose p = -6*c - 33 - 33. Let q = c - -27. What is the remainder when q is divided by 3?
1
Let i(z) = z**2 + 30*z + 149. Let k be i(-23). Calculate the remainder when 14 is divided by (-4)/1 + (-84)/k.
2
Let u = -959 - -1041. Suppose -3*d + 37 = -2*d + r, 3*r - 185 = -5*d. What is the remainder when u is divided by d?
8
Suppose 4*v - 145 = 3*v. Let u = v - 144. Calculate the remainder when 1 is divided by u.
0
Let m(v) = -v**2 - 35*v - 4. Suppose 15*r + 231 = -279. Calculate the remainder when 82 is divided by m(r).
22
What is the remainder when 9/27*-6*(3852/(-8))/9 is divided by 39?
29
Let a(u) = -118*u - 1061. Calculate the remainder when a(-13) is divided by 212.
49
Let k(w) = -w**3 - 8*w**2 + 7*w. Let q = 15 + -12. Suppose -121 = -q*x - 16. What is the remainder when x is divided by k(-9)?
17
Suppose 629 = 35*q - 1379 - 687. What is the remainder when 91 is divided by q?
14
Let t(p) = 3*p**3 - 5*p**2 + 4*p - 4*p**3 + 35 - 37. Let n be t(-5). Let j = n - -47. What is the remainder when j is divided by 9?
7
Let x(d) = -6*d - 4. Let r be x(-24). Let v = -131 + r. What is the remainder when 26 is divided by v?
8
Let r(k) be the third derivative of -k**5/30 - 13*k**4/6 + 3*k**3 - 3*k**2 + 2*k. What is the remainder when r(-17) is divided by 65?
64
Let w(u) = u - 13. Let t be w(19). What is the remainder when 7 - 404/(-12)*t is divided by 42?
41
Suppose b - 3*l - 174 = -2*b, 4*l + 295 = 5*b. Suppose -3*i = -12 - b. Suppose -32 = -i*n + 21*n. What is the remainder when n is divided by 3?
2
Let l(b) = 58*b**2 + b + 2. Calculate the remainder when l(-2) is divided by (1/(-8)*-12)/((-2)/(-52)).
37
Suppose 36070 = 50*p + 9*p - 19331. What is the remainder when p is divided by 47?
46
Suppose -2*w + 87 = -137. Suppose -5*z + w = 3*i, -5*z + 29 + 25 = i. Suppose -4*r - 8 + 68 = 0. Calculate the remainder when i is divided by r.
14
Suppose 0 = -15*g - 32 + 77. Suppose -2*t + 130 = -2*m, -5*t = g*m - 208 - 133. What is the remainder when 397 is divided by t?
62
Let c(d) = -6 - d**3 + 17*d**2 + 8*d + 4*d**3 + 1 - 21*d**2. Suppose -4*g = -160 - 36. What is the remainder when g is divided by c(2)?
11
Suppose 3*j + d + 95 = -2*j, 2*j - 2*d + 38 = 0. What is the remainder when (-244)/(-61) - 7*j is divided by 18?
11
Let m = 71 + -48. Let z = -43 + 89. Calculate the remainder when z is divided by m.
0
Suppose 404 = 5*y - 21*b + 20*b, 3*y = -b + 252. Calculate the remainder when 1226 is divided by y.
78
Suppose -2*v - 4*o + 40 = 0, 0 = 3*v - 5*v - 5*o + 40. Calculate the remainder when 126/(-54) + 732/9 is divided by v.
19
Let h(t) = -4*t**2 + 52*t + 9. Calculate the remainder when 1967 is divided by h(13).
5
Suppose 5*n = 69 - 54. Suppose -n*u + u = -4*i + 4, 4*i - 3*u = 8. Let y(o) = 30*o**2 - 2*o - 2. Calculate the remainder when y(i) is divided by 22.
8
Let l(r) = 121*r - 5243. What is the remainder when 1486 is divided by l(44)?
28
Let x(q) = -4*q - 4. Let h be x(-2). What is the remainder when (-2)/h + (-516)/(-8) is divided by (-3)/((-12)/(-20)) + 38?
31
Let i(a) = 5*a**2 + a + 12. Let s(k) = -6*k**2 - k - 13. Let f(u) = -7*i(u) - 6*s(u). Calculate the remainder when 9 is divided by f(4).
3
Let u = 14 - 11. Suppose -w + 100 = u*w. Let r = -5560 - -5631. Calculate the remainder when r is divided by w.
21
Let r(i) = i**3 + 15*i**2 + 17*i - 26. Let b be r(-14). Let v = b - -67. Let l = 8 - v. Calculate the remainder when 50 is divided by l.
5
Let i(p) = 9*p + 257. Let w be i(0). Let c = 262 - w. Calculate the remainder when 22 is divided by c.
2
Suppose -176 = -16*i - 1568. Let a = i + 112. What is the remainder when 85 is divided by a?
10
Suppose i - 198*q - 2037 = -195*q, 0 = -4*i + q + 8082. Calculate the remainder when i is divided by 135.
129
Suppose 2*f + 2*f - 3*i = 45, -2*f - 2*i + 40 = 0. What is the remainder when (7/(-7))/(3/(-75)) is divided by f?
10
Let i(x) = 23*x + 138. Let v be i(-6). Let b(g) = -7*g + 14. Calculate the remainder when b(v) is divided by -1 + 5 + (2 - -2).
6
Let m = -7362 - -7431. What is the remainder when 1172 is divided by m?
68
Let g = 4 + 119. Let i = 31 - 24. What is the remainder when g is divided by i?
4
Suppose -29 = -52*t + 179. What is the remainder when 683 is divided by t?
3
Suppose 0 = 43*z - 62*z + 30*z - 66. What is the remainder when 280 is divided by z?
4
Let z be 10/15*(-15)/(-2). Suppose -4*m - 35 = -z*k, 31 - 3 = k - 5*m. Suppose 4*c = -k*r + 17 - 4, -r + 30 = 5*c. What is the remainder when c is divided by 5?
2
Let t be 3*9/((-243)/7281). Let r = -607 - t. What is the remainder when r is divided by 41?
38
Let s be (-6)/(-1)*368/(-64)*4. Let n = s - -246. Calculate the remainder when n is divided by 37.
34
Suppose 3*p = 4*h - 18, 0 = -p - h - 2 - 11. Let z(b) = -3*b - 31 + 0*b**3 + b**3 - 13*b + 2 + 9*b**2. What is the remainder when 57 is divided by z(p)?
26
Suppose